{"id":5,"date":"2020-06-01T19:54:53","date_gmt":"2020-06-01T19:54:53","guid":{"rendered":"https:\/\/briard-bruno.com\/?page_id=5"},"modified":"2020-06-07T05:52:51","modified_gmt":"2020-06-07T05:52:51","slug":"briard-bruno-com","status":"publish","type":"page","link":"https:\/\/briard-bruno.com\/","title":{"rendered":"Briard-Bruno.com"},"content":{"rendered":"\n<p>Das Licht der Welt erblickt am 27-01-2020 in NRW\/Deutschland.<\/p>\n\n\n\n<p>Hier ist schon der 24-03-2020 und ich liege schon in meinem neuen Heim, wie das geht ? ich war doch noch garnicht reif, um gepfl\u00fcckt zu werden ?! Naja, da kam die Corona,und weil das alles etwas durcheinander war, und ich hier ins &#8222;Ausland&#8220; wollte\/sollte , gab der Tierarzt und meine &#8222;alte&#8220; Familie gr\u00fcnes Licht um schonmal die Ausreise anzutreten, naja, und schwups, war ich hier, und recht zufrieden wie man sieht.<\/p>\n\n\n\n<p>Aber damit nicht genug, es blieb etwas turbulent zu Beginn , 2 x zur\u00fcck zu meinen Hunde-Eltern f\u00fcr 3 Tage und 2 N\u00e4chte (oder so \u00e4hnlich ) da es unvorhergesehene Probleme in der Familie gab, und ich das nicht mit erleben sollte, naja, also wieder rumtoben mit dem Gewusel meiner Geschwister. Die sind \u00fcbrigens hier unten auf dem Bild zu sehen, alles auch so nette Wesen wie ich&#8230;.ehrlich, k\u00f6nnter glauben &#8230;.  <\/p>\n\n\n\n<p>Wer mehr \u00fcber diese Rasse erfahren m\u00f6chte,und dieses lieber in Buchform h\u00e4tte, oder zum verschenken,das gibt es hier : Schaut euch Der Briard von Gabriele Niepel mal an! <a rel=\"noreferrer noopener\" href=\"https:\/\/amzn.to\/2Y63TaF via @amazon\" target=\"_blank\">https:\/\/amzn.to\/2Y63TaF via @amazon<\/a><\/p>\n\n\n\n<p><\/p>\n\n\n\n<figure class=\"wp-block-image size-large\"><img loading=\"lazy\" decoding=\"async\" width=\"1024\" height=\"1002\" src=\"https:\/\/briard-bruno.com\/wp-content\/uploads\/2020\/06\/Bruno-und-Geschwister-07-03-2020-1024x1002.jpg\" alt=\"\" class=\"wp-image-13\" srcset=\"https:\/\/briard-bruno.com\/wp-content\/uploads\/2020\/06\/Bruno-und-Geschwister-07-03-2020-1024x1002.jpg 1024w, https:\/\/briard-bruno.com\/wp-content\/uploads\/2020\/06\/Bruno-und-Geschwister-07-03-2020-300x294.jpg 300w, https:\/\/briard-bruno.com\/wp-content\/uploads\/2020\/06\/Bruno-und-Geschwister-07-03-2020-768x752.jpg 768w, https:\/\/briard-bruno.com\/wp-content\/uploads\/2020\/06\/Bruno-und-Geschwister-07-03-2020-1536x1504.jpg 1536w, https:\/\/briard-bruno.com\/wp-content\/uploads\/2020\/06\/Bruno-und-Geschwister-07-03-2020-2048x2005.jpg 2048w\" sizes=\"auto, (max-width: 1024px) 100vw, 1024px\" \/><figcaption>meine Geschwister <\/figcaption><\/figure>\n\n\n\n<figure class=\"wp-block-image size-large\"><img loading=\"lazy\" decoding=\"async\" width=\"1024\" height=\"488\" src=\"https:\/\/briard-bruno.com\/wp-content\/uploads\/2020\/06\/Arztkram-muss-auch-1024x488.jpg\" alt=\"\" class=\"wp-image-15\" srcset=\"https:\/\/briard-bruno.com\/wp-content\/uploads\/2020\/06\/Arztkram-muss-auch-1024x488.jpg 1024w, https:\/\/briard-bruno.com\/wp-content\/uploads\/2020\/06\/Arztkram-muss-auch-300x143.jpg 300w, https:\/\/briard-bruno.com\/wp-content\/uploads\/2020\/06\/Arztkram-muss-auch-768x366.jpg 768w, https:\/\/briard-bruno.com\/wp-content\/uploads\/2020\/06\/Arztkram-muss-auch-1536x733.jpg 1536w, https:\/\/briard-bruno.com\/wp-content\/uploads\/2020\/06\/Arztkram-muss-auch-2048x977.jpg 2048w\" sizes=\"auto, (max-width: 1024px) 100vw, 1024px\" \/><figcaption>dav<\/figcaption><\/figure>\n\n\n\n<p>Und selbstverst\u00e4ndlich wurde zwischendurch auch alles wichtige noch vervollst\u00e4ndigt , nervig aber wat mut dat mut.  Ja, geschlafen wurde auch viel, Essen macht auch m\u00fcde, ja ehrlich, kein schei&#8230; .<\/p>\n\n\n\n<figure class=\"wp-block-image size-large\"><img loading=\"lazy\" decoding=\"async\" width=\"1024\" height=\"926\" src=\"https:\/\/briard-bruno.com\/wp-content\/uploads\/2020\/06\/schlafen-mit-der-Sippe-1024x926.jpg\" alt=\"\" class=\"wp-image-18\" srcset=\"https:\/\/briard-bruno.com\/wp-content\/uploads\/2020\/06\/schlafen-mit-der-Sippe-1024x926.jpg 1024w, https:\/\/briard-bruno.com\/wp-content\/uploads\/2020\/06\/schlafen-mit-der-Sippe-300x271.jpg 300w, https:\/\/briard-bruno.com\/wp-content\/uploads\/2020\/06\/schlafen-mit-der-Sippe-768x695.jpg 768w, https:\/\/briard-bruno.com\/wp-content\/uploads\/2020\/06\/schlafen-mit-der-Sippe-1536x1389.jpg 1536w, https:\/\/briard-bruno.com\/wp-content\/uploads\/2020\/06\/schlafen-mit-der-Sippe-2048x1852.jpg 2048w\" sizes=\"auto, (max-width: 1024px) 100vw, 1024px\" \/><figcaption>Pennen mit der Sippe <br><\/figcaption><\/figure>\n\n\n\n<p>Na, erkennt mich jemand ? jenau ick lieg in der Mitte, hab ja ein rotes Halstuch um, damit mich keiner verwechselt (mit den schwarzen,nehm ich an ?!? ) nee Quatsch, das hab ick von Mutti, fand sie irgendwie cool, muss ick wohl durch <\/p>\n\n\n\n<p>Eines muss ich noch anmerken, entgegen aller Meinungen, gibt es hier Werbung, und von der Kohle werden dann all die sch\u00f6nen Dinge gekauft,bei denen irgendwer glaubt, das ich sie will, das mal nur so am Rande \ud83d\ude09<\/p>\n","protected":false},"excerpt":{"rendered":"<p>Das Licht der Welt erblickt am 27-01-2020 in NRW\/Deutschland. Hier ist schon der 24-03-2020 und<\/p>\n","protected":false},"author":1,"featured_media":9,"parent":0,"menu_order":1,"comment_status":"closed","ping_status":"closed","template":"","meta":{"footnotes":""},"class_list":["post-5","page","type-page","status-publish","has-post-thumbnail","hentry"],"_links":{"self":[{"href":"https:\/\/briard-bruno.com\/index.php\/wp-json\/wp\/v2\/pages\/5","targetHints":{"allow":["GET"]}}],"collection":[{"href":"https:\/\/briard-bruno.com\/index.php\/wp-json\/wp\/v2\/pages"}],"about":[{"href":"https:\/\/briard-bruno.com\/index.php\/wp-json\/wp\/v2\/types\/page"}],"author":[{"embeddable":true,"href":"https:\/\/briard-bruno.com\/index.php\/wp-json\/wp\/v2\/users\/1"}],"replies":[{"embeddable":true,"href":"https:\/\/briard-bruno.com\/index.php\/wp-json\/wp\/v2\/comments?post=5"}],"version-history":[{"count":20,"href":"https:\/\/briard-bruno.com\/index.php\/wp-json\/wp\/v2\/pages\/5\/revisions"}],"predecessor-version":[{"id":54,"href":"https:\/\/briard-bruno.com\/index.php\/wp-json\/wp\/v2\/pages\/5\/revisions\/54"}],"wp:featuredmedia":[{"embeddable":true,"href":"https:\/\/briard-bruno.com\/index.php\/wp-json\/wp\/v2\/media\/9"}],"wp:attachment":[{"href":"https:\/\/briard-bruno.com\/index.php\/wp-json\/wp\/v2\/media?parent=5"}],"curies":[{"name":"wp","href":"https:\/\/api.w.org\/{rel}","templated":true}]}}