{"id":336,"date":"2021-01-17T11:26:06","date_gmt":"2021-01-17T11:26:06","guid":{"rendered":"https:\/\/briard-bruno.com\/?page_id=336"},"modified":"2021-02-02T10:54:59","modified_gmt":"2021-02-02T10:54:59","slug":"kennzeichnung-und-registrierung","status":"publish","type":"page","link":"https:\/\/briard-bruno.com\/index.php\/kennzeichnung-und-registrierung\/","title":{"rendered":"Kennzeichnung und Registrierung"},"content":{"rendered":"\n<p><\/p>\n\n\n\n<p>Wie schon in der \u00dcberschrift zu sehen, kann man davon ausgehen,das es tats\u00e4chlich 2 v\u00f6llig unterschiedliche Dinge sind. Oft h\u00f6ren wir &#8222;mein Hund hat doch ne Marke und einen Chip von&#8230; &#8220; und genau hier beginnt das Malheur. Das Eine ist, man hat sich eine Marke und einen Chip zukommen lassen,oder auf welch Art auch immer , nun sollte man davon ausgehen,Marke-Nummer = alles Gut , das Zweite ist : leider ist dem meist nicht so, oft muss man die Nummer extra noch registrieren lassen, kann sogar ein bissl Geld kosten.<\/p>\n\n\n\n<p>Ja leider ist die Registrierung nicht immer automatisch dabei wenn man sich so eine Chip+Blechmarke geben l\u00e4sst, ergo sollte man sich bei dem Betreiber unbedingt erkundigen ob dem so ist, und sich dies auch best\u00e4tigen lassen.<\/p>\n\n\n\n<p>wer sich eine Marke gravieren lassen m\u00f6chte, sowas kann man hier recht einfach erledigen <a href=\"https:\/\/amzn.to\/3o2Tw2B\">https:\/\/amzn.to\/3o2Tw2B<\/a><\/p>\n\n\n\n<figure class=\"wp-block-image size-large\"><img loading=\"lazy\" decoding=\"async\" width=\"1024\" height=\"713\" src=\"https:\/\/briard-bruno.com\/wp-content\/uploads\/2021\/01\/MarkeTasso-und-Marke-1024x713.jpg\" alt=\"\" class=\"wp-image-341\" srcset=\"https:\/\/briard-bruno.com\/wp-content\/uploads\/2021\/01\/MarkeTasso-und-Marke-1024x713.jpg 1024w, https:\/\/briard-bruno.com\/wp-content\/uploads\/2021\/01\/MarkeTasso-und-Marke-300x209.jpg 300w, https:\/\/briard-bruno.com\/wp-content\/uploads\/2021\/01\/MarkeTasso-und-Marke-768x535.jpg 768w, https:\/\/briard-bruno.com\/wp-content\/uploads\/2021\/01\/MarkeTasso-und-Marke.jpg 1200w\" sizes=\"auto, (max-width: 1024px) 100vw, 1024px\" \/><figcaption>dav<\/figcaption><\/figure>\n\n\n\n<p>Ist dieses erledigt, kann man schon mal davon ausgehen,sollte der Liebling mal auf Erkundungstour gehen, und wird aufgefunden,und der Chip ausgelesen,kann das Familienoberhaupt inkl. Wohnsitz ermittelt werden, das dauert aber manchmal.<\/p>\n\n\n\n<p>Einfacher ist es nat\u00fcrlich noch einen Chip\/Marke selbst anzufertigen, einfach ne Blech-,Kunststoff-, oder auch Edelstahlmarke , Rufname des Hundes rauf ,Telefonnummer des Halters ,das Ganze mit ans Halsband,und wenn er gefunden wird ,kann der Finder noch im Wald (oder wo auch immer ) den Halter anrufen,und die Sache somit extrem beschleunigen . <\/p>\n\n\n\n<p>Anbieter zum Herstellen, bzw. gravieren der Marken gibt es reichlich, oft auch die Werbeagentur um die Ecke, oder auch online, geht auch meist ganz fix  oft auch ,nen \u20acuro g\u00fcnstiger, da muss man halt schauen wie man es gerne h\u00e4tte.<\/p>\n","protected":false},"excerpt":{"rendered":"<p>Wie schon in der \u00dcberschrift zu sehen, kann man davon ausgehen,das es tats\u00e4chlich 2 v\u00f6llig<\/p>\n","protected":false},"author":1,"featured_media":0,"parent":0,"menu_order":0,"comment_status":"closed","ping_status":"closed","template":"","meta":{"footnotes":""},"class_list":["post-336","page","type-page","status-publish","hentry"],"_links":{"self":[{"href":"https:\/\/briard-bruno.com\/index.php\/wp-json\/wp\/v2\/pages\/336","targetHints":{"allow":["GET"]}}],"collection":[{"href":"https:\/\/briard-bruno.com\/index.php\/wp-json\/wp\/v2\/pages"}],"about":[{"href":"https:\/\/briard-bruno.com\/index.php\/wp-json\/wp\/v2\/types\/page"}],"author":[{"embeddable":true,"href":"https:\/\/briard-bruno.com\/index.php\/wp-json\/wp\/v2\/users\/1"}],"replies":[{"embeddable":true,"href":"https:\/\/briard-bruno.com\/index.php\/wp-json\/wp\/v2\/comments?post=336"}],"version-history":[{"count":6,"href":"https:\/\/briard-bruno.com\/index.php\/wp-json\/wp\/v2\/pages\/336\/revisions"}],"predecessor-version":[{"id":346,"href":"https:\/\/briard-bruno.com\/index.php\/wp-json\/wp\/v2\/pages\/336\/revisions\/346"}],"wp:attachment":[{"href":"https:\/\/briard-bruno.com\/index.php\/wp-json\/wp\/v2\/media?parent=336"}],"curies":[{"name":"wp","href":"https:\/\/api.w.org\/{rel}","templated":true}]}}