{"id":331,"date":"2020-12-24T13:39:38","date_gmt":"2020-12-24T13:39:38","guid":{"rendered":"https:\/\/briard-bruno.com\/?page_id=331"},"modified":"2021-10-02T09:03:20","modified_gmt":"2021-10-02T09:03:20","slug":"clips-teil-3","status":"publish","type":"page","link":"https:\/\/briard-bruno.com\/index.php\/clips-mit-mir\/clips-teil-3\/","title":{"rendered":"Clips Teil 3"},"content":{"rendered":"\n<p>Clips&#8230;die Dritte  , es nimmt irgendwie kein Ende, es findet sich immer wieder irgendwas, was sich filmen l\u00e4sst ,also wer m\u00f6chte&#8230;einfach gucken&#8230;wer nicht &#8230;. macht halt was anderes&#8230;<\/p>\n\n\n\n<figure class=\"wp-block-embed is-type-video is-provider-youtube wp-block-embed-youtube wp-embed-aspect-16-9 wp-has-aspect-ratio\"><div class=\"wp-block-embed__wrapper\">\n<iframe loading=\"lazy\" title=\"Bruno, unser Briard in der Heide bei  -2\u00b0C , mit Eispf\u00fctze\" width=\"640\" height=\"360\" src=\"https:\/\/www.youtube.com\/embed\/_6q4c9vfpME?feature=oembed\" frameborder=\"0\" allow=\"accelerometer; autoplay; clipboard-write; encrypted-media; gyroscope; picture-in-picture; web-share\" referrerpolicy=\"strict-origin-when-cross-origin\" allowfullscreen><\/iframe>\n<\/div><\/figure>\n\n\n\n<p>Es ist dem Hund v\u00f6llig egal ob es warm oder kalt ist, Hauptsache er kann raus und toben \ud83d\ude09<\/p>\n\n\n\n<p>Hundeb\u00fcrsten f\u00fcr langhaar Gewusel <a href=\"https:\/\/amzn.to\/3B5lCRR\">https:\/\/amzn.to\/3B5lCRR<\/a> via @amazon<\/p>\n\n\n\n<figure class=\"wp-block-embed is-type-video is-provider-youtube wp-block-embed-youtube wp-embed-aspect-16-9 wp-has-aspect-ratio\"><div class=\"wp-block-embed__wrapper\">\n<iframe loading=\"lazy\" title=\"Bruno in der  Heide, 42 Kilo purer Unsinn im Fell, da war doch noch ne ......\" width=\"640\" height=\"360\" src=\"https:\/\/www.youtube.com\/embed\/3sUMGpjh4Gw?feature=oembed\" frameborder=\"0\" allow=\"accelerometer; autoplay; clipboard-write; encrypted-media; gyroscope; picture-in-picture; web-share\" referrerpolicy=\"strict-origin-when-cross-origin\" allowfullscreen><\/iframe>\n<\/div><\/figure>\n\n\n\n<p>wie man sieht sind die meisten Clips hier bei uns in der Heide, das ist ein recht gro\u00dfes Naturgebiet mit reichlich Wanderwegen, die ganz unterschiedlich gekennzeichnet sind, als Wanderwege, Mountenbike -Strecke, Reit-und Sulkyweg ,und nat\u00fcrlich Hunde-Loslaufgebiet, so ganz prima, aber an Tagen mit super Wetter sollte man entweder sehr fr\u00fch unterwegs sein, oder aber gut aufpassen, da sich sonst so einige \u00fcber den eigenen Haufen fahren,laufen oder was auch immer \ud83d\ude09<\/p>\n\n\n\n<figure class=\"wp-block-embed is-type-video is-provider-youtube wp-block-embed-youtube wp-embed-aspect-16-9 wp-has-aspect-ratio\"><div class=\"wp-block-embed__wrapper\">\n<iframe loading=\"lazy\" title=\"Bruno in der Heide bei seinen Lieblingspf\u00fctzen\" width=\"640\" height=\"360\" src=\"https:\/\/www.youtube.com\/embed\/b_q7dOeE_3k?feature=oembed\" frameborder=\"0\" allow=\"accelerometer; autoplay; clipboard-write; encrypted-media; gyroscope; picture-in-picture; web-share\" referrerpolicy=\"strict-origin-when-cross-origin\" allowfullscreen><\/iframe>\n<\/div><\/figure>\n","protected":false},"excerpt":{"rendered":"<p>Clips&#8230;die Dritte , es nimmt irgendwie kein Ende, es findet sich immer wieder irgendwas, was<\/p>\n","protected":false},"author":1,"featured_media":0,"parent":117,"menu_order":0,"comment_status":"closed","ping_status":"closed","template":"","meta":{"footnotes":""},"class_list":["post-331","page","type-page","status-publish","hentry"],"_links":{"self":[{"href":"https:\/\/briard-bruno.com\/index.php\/wp-json\/wp\/v2\/pages\/331","targetHints":{"allow":["GET"]}}],"collection":[{"href":"https:\/\/briard-bruno.com\/index.php\/wp-json\/wp\/v2\/pages"}],"about":[{"href":"https:\/\/briard-bruno.com\/index.php\/wp-json\/wp\/v2\/types\/page"}],"author":[{"embeddable":true,"href":"https:\/\/briard-bruno.com\/index.php\/wp-json\/wp\/v2\/users\/1"}],"replies":[{"embeddable":true,"href":"https:\/\/briard-bruno.com\/index.php\/wp-json\/wp\/v2\/comments?post=331"}],"version-history":[{"count":3,"href":"https:\/\/briard-bruno.com\/index.php\/wp-json\/wp\/v2\/pages\/331\/revisions"}],"predecessor-version":[{"id":375,"href":"https:\/\/briard-bruno.com\/index.php\/wp-json\/wp\/v2\/pages\/331\/revisions\/375"}],"up":[{"embeddable":true,"href":"https:\/\/briard-bruno.com\/index.php\/wp-json\/wp\/v2\/pages\/117"}],"wp:attachment":[{"href":"https:\/\/briard-bruno.com\/index.php\/wp-json\/wp\/v2\/media?parent=331"}],"curies":[{"name":"wp","href":"https:\/\/api.w.org\/{rel}","templated":true}]}}