{"id":284,"date":"2020-09-13T06:41:54","date_gmt":"2020-09-13T06:41:54","guid":{"rendered":"https:\/\/briard-bruno.com\/?page_id=284"},"modified":"2020-09-13T08:25:51","modified_gmt":"2020-09-13T08:25:51","slug":"fell-und-pflege","status":"publish","type":"page","link":"https:\/\/briard-bruno.com\/index.php\/der-alltag\/fell-und-pflege\/","title":{"rendered":"Fell und Pflege"},"content":{"rendered":"\n<p>ja ja,ein ab und zu leidiges Thema ,-)<\/p>\n\n\n\n<p>Ja, da haben wir nun den Salat, nee halt, das Fell, und nicht irgendeines, sondern genau das unseres geliebten Briards. Eins vorab, Wir wollten es so, nein, abstreiten n\u00fctzt nix, genau das war auch ein Grund ihn haben zu wollen, weil er genau so ist wie er ist, aus ,Basta !    \ud83d\ude09<\/p>\n\n\n\n<p>Wie bei uns Menschlein geh\u00f6rt auch beim Hund die Fellpflege zum T\u00e4glichen Pflegeschema, OK, es ist nicht ganz einfach mit dem dicken struppigen,und oft widerspenstigen Fell, aber was solls, da muss man eben durch. \u00dcber das wie,was,wann,und wie oft, da streiten sich die Geister, will der Eine einen gestriegelten glatten Hund, so meint ein Anderer etwa, genau so wie die Natur es mag, mag ich es auch . Mit Sicherheit steht aber die Gesundheit und das Wohlbefinden des Hundes voran, daher sollte man schauen, was ist der Sinn des Fells ?!  Und da sehen wir schon, einfach wird es nicht. <\/p>\n\n\n\n<figure class=\"wp-block-image size-large\"><img loading=\"lazy\" decoding=\"async\" width=\"1024\" height=\"678\" src=\"https:\/\/briard-bruno.com\/wp-content\/uploads\/2020\/09\/Spiel-1-1024x678.jpg\" alt=\"\" class=\"wp-image-292\" srcset=\"https:\/\/briard-bruno.com\/wp-content\/uploads\/2020\/09\/Spiel-1-1024x678.jpg 1024w, https:\/\/briard-bruno.com\/wp-content\/uploads\/2020\/09\/Spiel-1-300x199.jpg 300w, https:\/\/briard-bruno.com\/wp-content\/uploads\/2020\/09\/Spiel-1-768x509.jpg 768w, https:\/\/briard-bruno.com\/wp-content\/uploads\/2020\/09\/Spiel-1.jpg 1400w\" sizes=\"auto, (max-width: 1024px) 100vw, 1024px\" \/><figcaption>Hunde beim toben in der Heide<\/figcaption><\/figure>\n\n\n\n<p>Das Fell sch\u00fctzt vor K\u00e4lte , stimmts ?! somit im Umkehrschluss aber auch vor W\u00e4rme, es sch\u00fctzt die haut vor Schaden, ja sicher, genau denn wenn der Hund durchs Gestr\u00fcpp rennt, jaaa, ich h\u00f6re es schon &#8222;mein Hund macht das nicht&#8220; OK, ist vielleicht ein Heimkind (gibt,s ja auch), aber die Mehrheit macht das schon. Jeder h\u00e4ngengebliebene Dornenzweig, jeder Stachel w\u00e4re ein Ritz in der Haut, wenn das dicke Fell nicht w\u00e4re, sicher nicht lustig f\u00fcr die &#8222;Hunde-Eltern&#8220; das Ger\u00f6del immer raus zu puzzeln , aber auch das macht das soziale Gef\u00fcge aus, n\u00e4mlich die Fellpflege,das gegenseitige Putzen und aufeinander Acht geben.<\/p>\n\n\n\n<p>Mann sollte das Fell ,und somit auch die Haut darunter ,zu jedem Tagesabschluss kontrollieren, einfach mal abtasten, und schauen, sitzt was drin was raus muss , wie eventuell ne Zecke, oder ne Klette (werden auch gern genommen) aber auch Granen (Teile der Getreide\u00e4hren ) verbarrikadieren sich sehr gerne im Dickicht, und verursachen ein starkes Unwohlsein, oft merkt man es am hektischen Zucken,oder gar herumspringen des Hundes. Hat man keine Lust auf sowas, kommt es gerne mal zu einer Entz\u00fcndung, da sich gerade die Granen durch ihre Beschaffenheit leicht machen, sich langsam in die Haut zu bohren, es ist dann im Nachgang sehr schmerzhaft f\u00fcr unseren Liebling die Dinge zu entfernen, also Abends ran ans Fell, und gut gucken, <\/p>\n\n\n\n<p>Gegen Ungeziefer Biologisch,hier streiten sich die Gelehrten \u00fcber Anwendung und Nutzen,muss man schauen,  Kurisan Schwarzk\u00fcmmel\u00f6l f\u00fcr Hunde | Glaspipette | naturrein | kaltgepresst | 100ml | Made in Germany von Kurisan ! <a href=\"https:\/\/amzn.to\/2Rn3nlG\">https:\/\/amzn.to\/2Rn3nlG<\/a> via @amazon<\/p>\n\n\n\n<p><strong>Duschen<\/strong> ?! Jain, der Hund sollte nicht all zu oft geduscht ,oder gebadet werden, es ist weder ein Spielzeug, noch eine Puppe, es ist ein Lebewesen mit einem funktionsf\u00e4higen Biosystem , f\u00fcr uns als Menschen oft auch mal etwas unangenehm (nach einem &#8222;Bad&#8220; im Pferdehaufen z.B)  aber auch das geh\u00f6rt dazu, danach nat\u00fcrlich etwas genauer reinigen \ud83d\ude09 man sollte ein gesundes Ma\u00df haben, war er mal im Kackehaufen, oder gar in der Jauchegrube unterwegs, dann geht\u00b4s nat\u00fcrlich schonmal unter die Dusche,dann aber nicht mit 2 litern Duschgel abseifen, sondern im Schonwaschgang, mit mehr Hand,Bewegung und mildem Hundewaschmittel. Bitte nicht in die Waschmaschine, nein auch nicht bei 20\u00b0C ,und auch nicht in den Trockner, ein F\u00f6n geht,auf lauwarm \ud83d\ude09<\/p>\n\n\n\n<p>Alles zur Hundepflege kann man hier online Kaufen : <a href=\"https:\/\/amzn.to\/32uP9Wx\">https:\/\/amzn.to\/32uP9Wx<\/a> via @amazon<\/p>\n\n\n\n<p><strong>Zur normalen Fellpflege geh\u00f6ren B\u00fcrsten<\/strong>, evtl. sogar mehrere unterschiedliche,z.B. eine f\u00fcr das normale durchb\u00fcrsten, und noch eine f\u00fcrs dichte Unterfell. Hier ist ausdauer gefragt, nicht selten kauft man mehrere, und schmei\u00dft einige wieder weg, bis man die f\u00fcr sich richtigen ausgefunden hat. Sinnvoll kann es auch sein, einen Hundefris\u00f6r zu besuchen, und zu schauen, was r\u00e4t ,oder macht er, und womit . <\/p>\n\n\n\n<figure class=\"wp-block-image size-large is-style-default\"><img loading=\"lazy\" decoding=\"async\" width=\"1024\" height=\"678\" src=\"https:\/\/briard-bruno.com\/wp-content\/uploads\/2020\/09\/im-Sand-1024x678.jpg\" alt=\"Briard im Sand beim Spielen\" class=\"wp-image-302\" srcset=\"https:\/\/briard-bruno.com\/wp-content\/uploads\/2020\/09\/im-Sand-1024x678.jpg 1024w, https:\/\/briard-bruno.com\/wp-content\/uploads\/2020\/09\/im-Sand-300x199.jpg 300w, https:\/\/briard-bruno.com\/wp-content\/uploads\/2020\/09\/im-Sand-768x508.jpg 768w, https:\/\/briard-bruno.com\/wp-content\/uploads\/2020\/09\/im-Sand.jpg 1200w\" sizes=\"auto, (max-width: 1024px) 100vw, 1024px\" \/><figcaption>Briard im Sand beim Spielen mit seinem Freund<\/figcaption><\/figure>\n\n\n\n<p><strong>Mittel gegen Ungeziefer<\/strong> , auch das geh\u00f6rt dazu, Leider. In den Gro\u00dfst\u00e4dten vielleicht weniger, aber wer mit seinem Rabauken \u00f6fters drau\u00dfen ist, der kommt da nicht drumrum ,verstecken sich eben gern mal ein paar Fl\u00f6he oder Zecken im Fell , und nerven irgendwann. Hier sollte man auch genau schauen, was geht, was hilft, manchmal helfen Naturmittel, aber oft nur die chemische Keule, da muss man genau schauen was der Hund vertr\u00e4gt ,wie er reagiert, oder ob er eine Allergie entwickelt, meist aber funktionieren die Mittel zum auftragen auf die Haut ganz gut, zu Mitteln im K\u00f6rper rate ich eher ab, wer m\u00f6chte schon Zeug im Blut was da nicht hin geh\u00f6rt. Es schreckt das Ungeziefer ja auch nicht ab, sondern es mu\u00df erst vom Blut kosten,um zu sehen das es nicht schmeckt,das hei\u00dft, da ist dann schon Schaden entstanden, und zwar 2x , einmal durch das Mittel,und das zweite mal durch den Biss, und am Ende hilft es vielleicht garnicht , also, hier genaustens aufpassen !<\/p>\n\n\n\n<p>Schaut euch Frontline Spot on H40, 6 St\u00fcck von Frontline mal an! <a href=\"https:\/\/amzn.to\/33lUf6s\">https:\/\/amzn.to\/33lUf6s<\/a> via @amazon<\/p>\n","protected":false},"excerpt":{"rendered":"<p>ja ja,ein ab und zu leidiges Thema ,-) Ja, da haben wir nun den Salat,<\/p>\n","protected":false},"author":1,"featured_media":0,"parent":264,"menu_order":0,"comment_status":"closed","ping_status":"closed","template":"","meta":{"footnotes":""},"class_list":["post-284","page","type-page","status-publish","hentry"],"_links":{"self":[{"href":"https:\/\/briard-bruno.com\/index.php\/wp-json\/wp\/v2\/pages\/284","targetHints":{"allow":["GET"]}}],"collection":[{"href":"https:\/\/briard-bruno.com\/index.php\/wp-json\/wp\/v2\/pages"}],"about":[{"href":"https:\/\/briard-bruno.com\/index.php\/wp-json\/wp\/v2\/types\/page"}],"author":[{"embeddable":true,"href":"https:\/\/briard-bruno.com\/index.php\/wp-json\/wp\/v2\/users\/1"}],"replies":[{"embeddable":true,"href":"https:\/\/briard-bruno.com\/index.php\/wp-json\/wp\/v2\/comments?post=284"}],"version-history":[{"count":19,"href":"https:\/\/briard-bruno.com\/index.php\/wp-json\/wp\/v2\/pages\/284\/revisions"}],"predecessor-version":[{"id":309,"href":"https:\/\/briard-bruno.com\/index.php\/wp-json\/wp\/v2\/pages\/284\/revisions\/309"}],"up":[{"embeddable":true,"href":"https:\/\/briard-bruno.com\/index.php\/wp-json\/wp\/v2\/pages\/264"}],"wp:attachment":[{"href":"https:\/\/briard-bruno.com\/index.php\/wp-json\/wp\/v2\/media?parent=284"}],"curies":[{"name":"wp","href":"https:\/\/api.w.org\/{rel}","templated":true}]}}